a?
17
Let b be 9/(-6) + 7/2. Let w(h) = -6 + 3*h - b*h - h**2 + 2*h**2. What is the remainder when w(5) is divided by 13?
11
Suppose 0 = -2*o + c + 3, 4*c = -9*o + 4*o + 27. What is the remainder when 33 is divided by o?
0
Let l be 4/(-6) + 58/6. Suppose -4*w = -0*w - 132. Suppose -w = -3*j - l. What is the remainder when j is divided by 3?
2
Let r(m) = 2*m**3 + 2*m**2 - 1. Let i be r(1). Suppose 4*u + i*a = 20, -3*a + 8 = -0*u - 2*u. Calculate the remainder when 23 is divided by (1/u)/((-3)/(-72)).
11
Let x = -27 - -52. Calculate the remainder when x is divided by 4.
1
Let q(y) = 13*y - 20. Calculate the remainder when q(6) is divided by (5 + 0)/(2/8).
18
Suppose -h + 20 = -5*i + 87, -3*i = 4*h - 31. What is the remainder when 22 is divided by i?
9
Let m(d) = -d**2 + 10*d + 8. Suppose -h = 3*y - 29, 0 = 3*h + 3. What is the remainder when 22 is divided by m(y)?
6
Let r = -26 - -29. What is the remainder when 3 is divided by r?
0
Let g(o) = o + 9. What is the remainder when 46 is divided by g(7)?
14
Let n(q) = -8*q - 1. Let f be n(-1). Suppose 2*o - f*o = -310. What is the remainder when o is divided by 21?
20
Suppose p - 16 = -0*p. What is the remainder when p is divided by 6?
4
Let g = -7 + 82. Calculate the remainder when g is divided by 19.
18
Let d(y) = -2*y + 4 - y - 1. Let h be 3/(2 + -5)*7. What is the remainder when d(h) is divided by 13?
11
Let g(j) = -j**3 + 9*j**2 - 8*j - 7. Suppose 0*v = v - 12. Calculate the remainder when g(7) is divided by v.
11
Let f(l) = -2*l - 6. Suppose -4*m - 2*z - 28 = 0, m + 4*m + 4*z + 32 = 0. Let p be f(m). Let d = p - -12. What is the remainder when 42 is divided by d?
20
Let j = -9 - -14. Let l(p) = 3*p**2 - 3*p + 6. What is the remainder when l(j) is divided by 17?
15
Let o(n) = n**3 + 7*n**2 + 4*n - 8. Let r = 12 + -18. What is the remainder when 9 is divided by o(r)?
1
Let c(l) = -2*l - 4. Let i be c(-3). Suppose -2*z + 16 = 2*z. Calculate the remainder when 47 + (i - (-2 + z)) is divided by 16.
15
Let y(w) = -3*w - 5. What is the remainder when 35 + (-2 - -4) - 0 is divided by y(-8)?
18
Suppose 0 = j - 3*p - 13, 2*j - 2*p + 1 = 7. Calculate the remainder when 16 is divided by (-2 - -2 - 18)/j.
7
Let r(k) = -k**2 + 10*k - 6. Let g be r(6). Suppose 2*a = 66 - g. What is the remainder when a is divided by 13?
11
What is the remainder when 5 + (139 - (-2 + 0)) is divided by 37?
35
Let c = 1 + 3. Suppose 0*l - c*a + 2 = l, -4*l = 4*a - 44. Calculate the remainder when l is divided by 4.
2
Let u be 7 + 0 - 4/2. Suppose -3*q - 28 = -u*q. Let f = -40 + 67. What is the remainder when f is divided by q?
13
Suppose 5*x - 5*w = -3*w + 461, 4*w = 8. What is the remainder when x is divided by 32?
29
Suppose 5*b - 3*t - 496 = -0*t, 90 = b + 4*t. Suppose -h + 5*y + 50 = 0, 2*y + 9 + 1 = 0. Calculate the remainder when b is divided by h.
23
Suppose -8 = q + 3*q. Let x = 15 + q. What is the remainder when x is divided by 7?
6
Let l = -13 + 21. Let a be 4*(30/8)/5. Calculate the remainder when 1/(3/a)*29 is divided by l.
5
Suppose 3*k + 2*k - 2*s = -142, 0 = -3*k - 4*s - 106. Let y = k + 59. What is the remainder when y is divided by 16?
13
Suppose 2*m - 265 = 35. Suppose 0 = -9*f + 4*f + m. What is the remainder when f is divided by 16?
14
Let f(a) = a. Let r be f(-3). Let o = 17 + r. What is the remainder when 9 is divided by (o/(-21))/((-2)/15)?
4
Let f(w) = -8*w + 2. What is the remainder when f(-8) is divided by 17?
15
Suppose 5*n - 9 = -g, 4*n + 5*g - 8 = 4*g. Suppose -5*u = -4*m + 33 + 7, 5*m + 5*u - 5 = 0. What is the remainder when (-24)/(-10) + (-2)/m is divided by n?
0
Suppose -2*r + 57 = -19. Let m = 0 - -3. Suppose -z + 100 = m*z + 4*t, 4*t + 60 = 4*z. Calculate the remainder when r is divided by z.
18
Suppose 4*h = -0*h - 4*y + 36, 5*y = 4*h + 9. What is the remainder when 11 is divided by h?
3
Let o = 164 - 114. Let z = 10 - -7. What is the remainder when o is divided by z?
16
Let j(c) = -2*c + 3 + 3 - 3. Calculate the remainder when 21 is divided by j(-4).
10
Suppose m = 4*y + 66, 70 = m - 3*y - 2*y. Let z(i) = 3*i**2 - 2*i - 3. What is the remainder when m is divided by z(-2)?
11
Suppose -t = -5*b - 301, -t + 142 = 3*b - 199. Let c = 33 - -9. What is the remainder when c is divided by (-2)/(-11) - t/(-22)?
12
Let a(z) = -7*z - 14. What is the remainder when a(-10) is divided by 29?
27
Suppose -3*z - z = 4*g - 320, -2*z = 4*g - 312. Calculate the remainder when g is divided by 26.
24
Let a be (-3 + 4 - -5) + -3. Suppose 0*f + 4*u = f + 16, -4*f + 31 = a*u. What is the remainder when f is divided by 0 + 2 + 1 + 0?
1
Let w be 7*(-3 + 69/21). Suppose -22 = -w*c + 72. Calculate the remainder when c is divided by 16.
15
Let x = -21 + 30. Suppose -5*l - x + 34 = 0. Suppose 3*b - 9 = -2*u + 40, b + l*u - 38 = 0. Calculate the remainder when 24 is divided by b.
11
What is the remainder when 59 is divided by 6 - (2 - -1) - -13 - 1?
14
Suppose -4*v = 5*n + 75, n + 1 = 2*n + 4*v. Let y = n - -35. Calculate the remainder when 31 is divided by y.
15
Let n = 13 - 9. Suppose -t + 6*q - n*q = -1, -5 = -q. What is the remainder when t is divided by 3?
2
Suppose 2*p + 10 = 30. What is the remainder when 27 is divided by p?
7
Let c(x) = x**3 - 7*x**2 + 6*x + 7. Let i = -8 - -19. Calculate the remainder when i is divided by c(6).
4
Let o be 2 - 2/(2/(-13)). Suppose 4*v + a + 3 = 0, -2*v - o - 4 = -3*a. Let j = v - -7. Calculate the remainder when j is divided by 2.
1
Suppose -4*v + 9*v + 20 = 0, -b - 5*v = 13. Let l(h) = 3*h**2. What is the remainder when b is divided by l(1)?
1
Let u(j) = j + 1. Let o be u(3). Let z(d) = d**3 - 3*d**2 - 3*d + 5. What is the remainder when 16 is divided by z(o)?
7
Let s(d) = d - 7. Suppose 2*v - 5*v = -27. Let j be s(v). Suppose -3 = j*f - 11. What is the remainder when 10 is divided by f?
2
Suppose -l + 7*d = 4*d - 9, 0 = -3*l - 3*d + 27. Suppose -5*m + 4 = 2*b - 5, -21 = -3*m + 4*b. Calculate the remainder when l is divided by (-1)/((-1)/15*m).
4
Let a(r) = 2*r**3 + 2*r**2 + 2*r + 1. Let p(q) = 5*q**3 + 4*q**2 + 4*q + 2. Let d(t) = 13*a(t) - 6*p(t). Calculate the remainder when 9 is divided by d(-1).
4
Let o = -14 - -23. Let m be (-2)/6 - (-39)/o. Suppose 0 = -0*h - h + m. Calculate the remainder when h is divided by 3.
1
Suppose 400 - 550 = -5*u. Suppose 4*m - 28 = 5*s - s, m = -3*s + 11. What is the remainder when u is divided by m?
6
Let o be (-1 + 3)/((-4)/(-34)). Let p = o + -12. Suppose 19 + 31 = p*f. Calculate the remainder when 29 is divided by f.
9
Let c = 18 - 6. Let o(q) = q**3 + 11*q**2 - 4*q + 13. Calculate the remainder when o(-11) is divided by c.
9
Let t = -28 - -32. Calculate the remainder when t is divided by 3.
1
Let z(l) = l**2 + 3*l - 7. Let v(b) = -b + 6. Let m be v(0). What is the remainder when z(-6) is divided by 4/6 + 32/m?
5
Let k(a) = 2*a**2 + 3. Let p be k(-3). Let y = -7 + p. Calculate the remainder when 39 is divided by y.
11
Suppose -3*z + a - 45 = -3*a, 5*a = 3*z + 42. Let y = z + 68. What is the remainder when y is divided by 17?
15
Suppose -2*a + 17 - 1 = 0. Suppose -2*c + a = -14. Let d(x) = -x + 11. Calculate the remainder when d(-9) is divided by c.
9
Let v(b) be the third derivative of 0*b + 0*b**3 + 3*b**2 + 1/8*b**4 + 0. Calculate the remainder when 17 is divided by v(3).
8
Let d be (2 - (-1 + 3))/2. Suppose 13 = z - d*z. Calculate the remainder when 25 is divided by z.
12
Let a be 3/12 - 3/12. Calculate the remainder when 27 + 0 + (a - -3) is divided by 8.
6
Suppose 4*z = -0*z + 24. Calculate the remainder when 28 is divided by z.
4
Let z = -23 + 29. What is the remainder when 8 is divided by z?
2
Let y(u) = 3*u - 15. Calculate the remainder when 27 is divided by y(10).
12
Suppose 4*n - 3*o - 35 = 0, 1 = 4*n + o - 14. Let h = n - -5. What is the remainder when 18 is divided by h?
8
Let o(g) = -25*g**3 - 3*g - 2. What is the remainder when o(-1) is divided by (-1)/(-3) + (-41)/(-3)?
12
Let x = 70 - 23. What is the remainder when x is divided by 16?
15
Suppose -3*u - 4*h + 21 = 0, -h = 5*u - 3*h - 35. What is the remainder when (0 + u)*168/14 is divided by 29?
26
Let f(v) = v + 4. Let p be f(-2). Suppose -4*u + c + 158 = 3*c, 0 = -p*u - 5*c + 59. Calculate the remainder when u is divided by 11.
9
Suppose 2*c - 5*l - 30 = -3*c, 0 = -2*c - 4